git of 35135450?
4
What is the hundred thousands digit of 61537816?
5
What is the millions digit of 674575001?
4
What is the hundreds digit of 4323574814?
8
What is the hundred thousands digit of 173748661?
7
What is the ten thousands digit of 106076994?
7
What is the hundred thousands digit of 2820262980?
2
What is the units digit of 144147505?
5
What is the ten millions digit of 2563241387?
6
What is the hundreds digit of 481367914?
9
What is the hundreds digit of 1112557455?
4
What is the hundreds digit of 6016069677?
6
What is the millions digit of 182322144?
2
What is the ten thousands digit of 170031632?
3
What is the tens digit of 326247280?
8
What is the units digit of 48307162?
2
What is the billions digit of 3826079426?
3
What is the hundreds digit of 177622720?
7
What is the hundreds digit of 2517739113?
1
What is the ten millions digit of 1672365908?
7
What is the ten millions digit of 106607101?
0
What is the ten millions digit of 1618856057?
1
What is the tens digit of 5500231287?
8
What is the ten millions digit of 4746689817?
4
What is the hundreds digit of 58692802?
8
What is the millions digit of 5741798146?
1
What is the ten thousands digit of 258189537?
8
What is the units digit of 202041383?
3
What is the millions digit of 1937110654?
7
What is the hundred millions digit of 162281444?
1
What is the hundreds digit of 53865669?
6
What is the hundred thousands digit of 337191688?
1
What is the thousands digit of 247406734?
6
What is the hundred millions digit of 1512204182?
5
What is the thousands digit of 30323855?
3
What is the thousands digit of 139376816?
6
What is the units digit of 332625300?
0
What is the millions digit of 3534836225?
4
What is the millions digit of 59028723?
9
What is the tens digit of 458942694?
9
What is the hundred thousands digit of 144778986?
7
What is the hundred millions digit of 5266620697?
2
What is the hundreds digit of 130138041?
0
What is the tens digit of 22080481?
8
What is the hundred thousands digit of 4783019383?
0
What is the hundreds digit of 232633744?
7
What is the hundreds digit of 2776189519?
5
What is the hundred millions digit of 175347823?
1
What is the tens digit of 6857101?
0
What is the hundred thousands digit of 120312834?
3
What is the thousands digit of 292796359?
6
What is the thousands digit of 2879568706?
8
What is the ten thousands digit of 5965999668?
9
What is the ten thousands digit of 86265383?
6
What is the hundred thousands digit of 2943510769?
5
What is the ten thousands digit of 110050555?
5
What is the millions digit of 92751275?
2
What is the ten thousands digit of 174691360?
9
What is the hundreds digit of 2129040734?
7
What is the tens digit of 411689829?
2
What is the ten thousands digit of 2407159?
0
What is the hundred thousands digit of 31515876?
5
What is the billions digit of 2781822858?
2
What is the billions digit of 5141114233?
5
What is the thousands digit of 410115466?
5
What is the units digit of 124242449?
9
What is the hundreds digit of 2985091?
0
What is the units digit of 9598370?
0
What is the tens digit of 151119062?
6
What is the millions digit of 510005994?
0
What is the hundreds digit of 784177592?
5
What is the hundred thousands digit of 3764442?
7
What is the millions digit of 2804708340?
4
What is the tens digit of 66989467?
6
What is the hundred thousands digit of 2348173140?
1
What is the hundred thousands digit of 7179603668?
6
What is the ten thousands digit of 30152315?
5
What is the hundred millions digit of 1800261453?
8
What is the hundred thousands digit of 8642820?
6
What is the ten millions digit of 33371884?
3
What is the ten thousands digit of 25888425?
8
What is the millions digit of 716113269?
6
What is the hundred millions digit of 145687105?
1
What is the millions digit of 381114611?
1
What is the tens digit of 905547094?
9
What is the tens digit of 28580180?
8
What is the ten thousands digit of 1609337?
0
What is the hundreds digit of 287941729?
7
What is the billions digit of 2424483635?
2
What is the thousands digit of 5683896?
3
What is the thousands digit of 655295345?
5
What is the tens digit of 1111011309?
0
What is the ten millions digit of 284384396?
8
What is the thousands digit of 34026787?
6
What is the ten millions digit of 1281280846?
8
What is the ten thousands digit of 378188503?
8
What is the hundred millions digit of 1906849849?
9
What is the millions digit of 140812836?
0
What is the millions digit of 700456897?
0
What is the ten thousands digit of 87773695?
7
What is the tens digit of 784574026?
2
What is the units digit of 1023943469?
9
What is the ten thousands digit of 26950948?
5
What is the hundred millions digit of 682781517?
6
What is the millions digit of 34484944?
4
What is the ten thousands digit of 60650918?
5
What is the millions digit of 3519166394?
9
What is the thousands digit of 569302757?
2
What is the units digit of 182019837?
7
What is the hundred thousands digit of 169974127?
9
What is the tens digit of 466635967?
6
What is the ten thousands digit of 41553239?
5
What is the units digit of 1064248259?
9
What is the tens digit of 664694515?
1
What is the thousands digit of 1378035?
8
What is the hundred millions digit of 1798356883?
7
What is the tens digit of 134079315?
1
What is the ten millions digit of 196413756?
9
What is the millions digit of 4142551857?
2
What is the ten millions digit of 145256546?
4
What is the units digit of 3287672?
2
What is the tens digit of 727732413?
1
What is the millions digit of 2935502161?
5
What is the tens digit of 141198664?
6
What is the millions digit of 286354471?
6
What is the hundred millions digit of 5459374577?
4
What is the hundreds digit of 140598969?
9
What is the hundreds digit of 89030392?
3
What is the hundred millions digit of 2768974068?
7
What is the tens digit of 22696117?
1
What is the thousands digit of 81550787?
0
What is the hundred millions digit of 101773910?
1
What is the hundreds digit of 2753935335?
3
What is the tens digit of 370626981?
8
What is the units digit of 15680105?
5
What is the thousands digit of 102914278?
4
What is the millions digit of 300890914?
0
What is the thousands digit of 34793505?
3
What is the ten thousands digit of 58560423?
6
What is the millions digit of 128140999?
8
What is the hundreds digit of 219253233?
2
What is the thousands digit of 5581552593?
2
What is the hundred thousands digit of 587892735?
8
What is the ten thousands digit of 39420484?
2
What is the hundreds digit of 3551379521?
5
What is the units digit of 175296354?
4
What is the hundred thousands digit of 23142755?
1
What is the units digit of 412961238?
8
What is the tens digit of 82906207?
0
What is the hundred millions digit of 712033820?
7
What is the hundreds digit of 502477?
4
What is the hundred millions digit of 172492496?
1
What is the tens digit of 103364786?
8
What is the ten thousands digit of 1104228787?
2
What is the hundred millions digit of 4077074804?
0
What is the units digit of 3394837119?
9
What is the tens digit of 793220403?
0
What is the millions digit of 1827523225?
7
What is the hundreds digit of 100442261?
2
What is the millions digit of 60189434?
0
What is the hundred millions digit of 1975918032?
9
What is the hundred millions digit of 105387724?
1
What is the millions digit of 101812628?
1
What is the ten millions digit of 5959422316?
5
What is the hundreds digit of 950713921?
9
What is the ten millions digit of 40364012?
4
What is the ten millions digit of 448613531?
4
What is the hundred thousands digit of 1667991573?
9
What is the ten thousands digit of 18028229?
2
What is the hundred thousands digit of 17835137?
8
What is the ten thousands digit of 74474058?
7
What is the hundreds digit of 3163597378?
3
What is the ten millions digit of 4532357984?
3
What is the ten millions digit of 355210904?
5
What is the tens digit of 1106667557?
5
What is the millions digit of 774427503?
4
What is the tens digit of 429107644?
4
What is the tens digit of 240762838?
3
What is the hundreds digit of 74640657?
6
What is the units digit of 48533834?
4
What is the hundred thousands digit of 493747844?
7
What is the units digit of 573722202?
2
What is the tens digit of 1105685058?
5
What is the thousand